{"id":2,"date":"2015-03-28T15:27:19","date_gmt":"2015-03-28T14:27:19","guid":{"rendered":"http:\/\/meinsenft.de\/\/?page_id=2"},"modified":"2016-04-10T16:28:48","modified_gmt":"2016-04-10T14:28:48","slug":"uebermeinsenft","status":"publish","type":"page","link":"https:\/\/meinsenft.de\/?page_id=2","title":{"rendered":"\u00dcber meiNsenfT"},"content":{"rendered":"<p><a href=\"https:\/\/meinsenft.de\/wp-content\/uploads\/2015\/03\/0001-Senfflasche.png\"><img decoding=\"async\" loading=\"lazy\" class=\"alignnone wp-image-30 size-full\" src=\"https:\/\/meinsenft.de\/wp-content\/uploads\/2015\/03\/0001-Senfflasche.png\" alt=\"0001 Senfflasche\" width=\"32\" height=\"32\" srcset=\"https:\/\/meinsenft.de\/wp-content\/uploads\/2015\/03\/0001-Senfflasche.png 32w, https:\/\/meinsenft.de\/wp-content\/uploads\/2015\/03\/0001-Senfflasche-150x150.png 150w, https:\/\/meinsenft.de\/wp-content\/uploads\/2015\/03\/0001-Senfflasche-300x300.png 300w, https:\/\/meinsenft.de\/wp-content\/uploads\/2015\/03\/0001-Senfflasche-1024x1024.png 1024w\" sizes=\"(max-width: 32px) 100vw, 32px\" \/><\/a> Es gibt viele Dinge, die die Welt nicht braucht. Ob diese Seiten dazugeh\u00f6ren, mag der mehr oder weniger geneigte Leser selber entscheiden.<\/p>\n<p>Wir werden hier unseren senfT zu allem in die Welt posaunen, was es wert ist besenfT zu werden. Ob es Politik, Musik, Gesellschaft, B\u00fccher, Religion, Kultur, Technik oder was auch immer betrifft, wenn es interessant ist gibt&#8217;s hier eine Haufen senfT dazu.<\/p>\n<p>F\u00fcr alle Rechtschreibfanatiker oder f\u00fcr die, die es interessiert: senfT ist <span style=\"text-decoration: underline;\">kein<\/span> Schreibfehler. &#8220;Senft&#8221; kommt aus dem fr\u00e4nkischen und ist eines von vielen merkw\u00fcrdigen Worten, welche es in dieser Sprachform gibt. Weiterf\u00fchrende Information zum Wort sind im <a href=\"http:\/\/www.kraeuter-verzeichnis.de\/fraenkisch\/Senft.htm\">Kr\u00e4uter-Verzeichnis<\/a> oder im <a href=\"http:\/\/www.frankenwiki.de\/index.php\/Senft\">FrankenWiki<\/a> oder ausf\u00fchrlicher und sehr unterhaltsam vom\u00a0<a href=\"http:\/\/www.rittmayer-keller.de\/FrankenWoerterbuch.html\">Rittmayer-Keller<\/a> dargestellt.<\/p>\n<p>Alles Weitere wird die Zeit zeigen, in der Hoffnungen das wir alle noch viel Zeit haben.<\/p>\n<p>Zum Schlu\u00df noch etwas absolut Wichtiges und Fundamentales:<\/p>\n<p style=\"text-align: center;\"><strong>Die Welt ist eine Scheibe<\/strong>. <a href=\"https:\/\/meinsenft.de\/wp-content\/uploads\/2015\/03\/0000-Senf.png\"><img decoding=\"async\" loading=\"lazy\" class=\"alignnone wp-image-29 size-full\" src=\"https:\/\/meinsenft.de\/wp-content\/uploads\/2015\/03\/0000-Senf.png\" alt=\"0000 Senf\" width=\"32\" height=\"32\" srcset=\"https:\/\/meinsenft.de\/wp-content\/uploads\/2015\/03\/0000-Senf.png 32w, https:\/\/meinsenft.de\/wp-content\/uploads\/2015\/03\/0000-Senf-150x150.png 150w, https:\/\/meinsenft.de\/wp-content\/uploads\/2015\/03\/0000-Senf-300x300.png 300w, https:\/\/meinsenft.de\/wp-content\/uploads\/2015\/03\/0000-Senf-1024x1024.png 1024w\" sizes=\"(max-width: 32px) 100vw, 32px\" \/><\/a><\/p>\n","protected":false},"excerpt":{"rendered":"<p>Es gibt viele Dinge, die die Welt nicht braucht. Ob diese Seiten dazugeh\u00f6ren, mag der mehr oder weniger geneigte Leser selber entscheiden. Wir werden hier unseren senfT zu allem in die Welt posaunen, was es wert ist besenfT zu werden. Ob es Politik, Musik, Gesellschaft, B\u00fccher, Religion, Kultur, Technik oder was auch immer betrifft, wenn &#8230; <a title=\"\u00dcber meiNsenfT\" class=\"read-more\" href=\"https:\/\/meinsenft.de\/?page_id=2\" aria-label=\"Mehr zu \u00dcber meiNsenfT\">Weiterlesen &#8230;<\/a><\/p>\n","protected":false},"author":2,"featured_media":0,"parent":0,"menu_order":0,"comment_status":"open","ping_status":"open","template":"","meta":{"generate_page_header":"","footnotes":""},"jetpack_sharing_enabled":true,"jetpack_shortlink":"https:\/\/wp.me\/P5XMq5-2","_links":{"self":[{"href":"https:\/\/meinsenft.de\/index.php?rest_route=\/wp\/v2\/pages\/2"}],"collection":[{"href":"https:\/\/meinsenft.de\/index.php?rest_route=\/wp\/v2\/pages"}],"about":[{"href":"https:\/\/meinsenft.de\/index.php?rest_route=\/wp\/v2\/types\/page"}],"author":[{"embeddable":true,"href":"https:\/\/meinsenft.de\/index.php?rest_route=\/wp\/v2\/users\/2"}],"replies":[{"embeddable":true,"href":"https:\/\/meinsenft.de\/index.php?rest_route=%2Fwp%2Fv2%2Fcomments&post=2"}],"version-history":[{"count":10,"href":"https:\/\/meinsenft.de\/index.php?rest_route=\/wp\/v2\/pages\/2\/revisions"}],"predecessor-version":[{"id":130,"href":"https:\/\/meinsenft.de\/index.php?rest_route=\/wp\/v2\/pages\/2\/revisions\/130"}],"wp:attachment":[{"href":"https:\/\/meinsenft.de\/index.php?rest_route=%2Fwp%2Fv2%2Fmedia&parent=2"}],"curies":[{"name":"wp","href":"https:\/\/api.w.org\/{rel}","templated":true}]}}